2 (base 5) to base 11.
-48960
Convert -44a374a (base 11) to base 15.
-a5a502
What is -223084 (base 10) in base 3?
-102100000101
Convert 76a25 (base 12) to base 9.
258312
15018 (base 13) to base 12
1aa93
What is 30102111001 (base 4) in base 8?
14222501
Convert -211235 (base 12) to base 11.
-326033
What is -430120 (base 8) in base 3?
-21021202121
Convert 41b288 (base 13) to base 7.
16034662
Convert -a60557 (base 13) to base 3.
-21022101111210
What is -11294b0 (base 12) in base 15?
-450883
-4aa674 (base 12) to base 7
-13243351
-820a04 (base 16) to base 12
-2a2ba30
Convert -38726 (base 16) to base 9.
-382135
-44644 (base 15) to base 8
-650506
Convert -3024314 (base 6) to base 8.
-430266
What is 269aa91 (base 12) in base 15?
a17aad
What is 322619 (base 10) in base 15?
658ce
Convert -58277a (base 13) to base 6.
-112450503
Convert -611277 (base 8) to base 12.
-9867b
-134542 (base 14) to base 15
-d20e1
What is 1799 (base 14) in base 10?
4251
10110010001011111 (base 2) to base 4
112101133
What is 112a1 (base 11) in base 3?
211101122
What is 11110345 (base 6) in base 10?
335801
-b8710 (base 13) to base 4
-1101102033
Convert -1741b (base 12) to base 7.
-166316
100001000110110010 (base 2) to base 15
2a2a2
-40122300 (base 5) to base 12
-133694
Convert -2d88b (base 15) to base 4.
-203321300
What is a0b63b (base 13) in base 11?
2123599
102017 (base 13) to base 11
237302
What is -1000011000101110001111010 (base 2) in base 4?
-1003011301322
Convert 302232100103 (base 4) to base 11.
7561a82
What is b532b (base 13) in base 9?
545688
What is 63720373 (base 8) in base 15?
12dbb43
-3923735 (base 10) to base 9
-7340315
What is 322d3 (base 14) in base 6?
2333345
1336141 (base 7) to base 3
100000100201
Convert -80a1 (base 16) to base 14.
-c001
What is 14374524 (base 8) in base 16?
31f954
-4142333230 (base 5) to base 13
-1a08752
2137b0 (base 14) to base 13
3046ab
Convert 111100101111111 (base 2) to base 13.
11207
Convert 33511402 (base 6) to base 3.
1220211121102
-320232210 (base 4) to base 7
-1655265
What is -9958a0 (base 11) in base 2?
-110000011111011100001
What is 50cb61 (base 13) in base 6?
104221435
1111001000011001011101 (base 2) to base 8
17103135
Convert 14673025 (base 8) to base 9.
6310254
7885676 (base 9) to base 14
7c875d
Convert 410444 (base 7) to base 15.
15a72
What is -160447 (base 11) in base 4?
-330321120
19826aa (base 11) to base 9
6252801
Convert 1003210 (base 7) to base 6.
2313531
-1562726 (base 8) to base 5
-103431204
What is 10635058 (base 10) in base 15?
e011dd
What is 294095 (base 12) in base 5?
134110223
What is 79364 (base 11) in base 2?
11100000011010011
Convert 11004650 (base 9) to base 4.
110102103201
What is -94555 (base 12) in base 6?
-4055345
Convert 6665673 (base 8) to base 16.
1b6bbb
What is -43300443 (base 5) in base 14?
-98601
Convert 6770b3 (base 14) to base 10.
3515221
26615 (base 12) to base 4
30313301
What is 262839 (base 10) in base 15?
52d29
What is 62687 (base 9) in base 16?
a1ad
What is -636106 (base 7) in base 16?
-1ae4e
Convert 6840018 (base 11) to base 3.
211112110110210
-1202641 (base 7) to base 3
-21201212201
Convert -341413343 (base 5) to base 16.
-17187e
-119a68 (base 13) to base 16
-66e1b
Convert -2a12b (base 15) to base 12.
-66342
Convert -36386 (base 9) to base 12.
-12136
Convert -424946 (base 11) to base 15.
-d66ee
-44044 (base 12) to base 9
-146287
What is 22200221220102 (base 3) in base 10?
4624706
-c4b5c (base 14) to base 5
-110133311
Convert -2eec2c (base 16) to base 9.
-5706235
-37047665 (base 9) to base 4
-1011003022112
Convert 11101111101101001110 (base 2) to base 14.
1b7b54
-2014024244 (base 5) to base 3
-21121200202211
122202220020010 (base 3) to base 16
9021ba
Convert 2401142301 (base 5) to base 8.
24743226
10000200120200 (base 3) to base 9
3020520
What is -624456 (base 9) in base 16?
-5a813
What is -69123d (base 14) in base 2?
-1101101001000001000111
-41121030 (base 5) to base 14
-89320
What is 3462781 (base 9) in base 14?
36a2d1
125aa96 (base 13) to base 6
322535251
What is 60432 (base 8) in base 4?
12010122
-101124 (base 9) to base 12
-2a7a1
What is 61a25 (base 15) in base 7?
2426033
Convert -c53a3 (base 13) to base 10.
-354357
Convert -122112001123 (base 4) to base 3.
-110222212011211
Convert 214556 (base 9) to base 5.
13044111
Convert -c28808 (base 13) to base 9.
-8466132
What is 223158 (base 11) in base 5?
42334221
Convert -1122101010200 (base 3) to base 14.
-18a449
What is -151e4 (base 15) in base 14?
-1aa8b
-55512 (base 12) to base 3
-12202002012
Convert 13532454 (base 7) to base 5.
311044044
What is 155592 (base 10) in base 15?
3117c
1413234153 (base 6) to base 9
35380846
What is 101211122 (base 3) in base 14?
2c45
Convert 7337738 (base 9) to base 12.
1392052
Convert 17aa4 (base 12) to base 15.
a2d1
Convert 19e44 (base 16) to base 14.
2a912
What is -123b6 (base 15) in base 2?
-1110001101101101
-21a5a (base 15) to base 2
-11010000111010000
What is -2230342 (base 5) in base 4?
-21220300
Convert 16133461 (base 7) to base 6.
53153431
Convert 913932 (base 12) to base 15.
2eb962
What is 7d925 (base 16) in base 14?
d5629
Convert 1200021011202 (base 3) to base 11.
55943a
Convert 6749149 (base 10) to base 15.
8d4b34
What is -5468861 (base 9) in base 8?
-13154646
Convert 2586571 (base 9) to base 13.
3a7365
What is -22113303 (base 5) in base 4?
-232303113
-5976a (base 12) to base 2
-11101011000000010
Convert 10525310 (base 6) to base 13.
b3ab7
Convert dcd71 (base 14) to base 11.
335a39
What is 5c3298 (base 14) in base 8?
14031526
Convert 112002111102112 (base 3) to base 11.
4255930
Convert -14ba88 (base 16) to base 12.
-5561a0
8673011 (base 10) to base 13
1a48879
43220313 (base 6) to base 5
311343343
What is 5066c (base 13) in base 3?
21022101222
What is -31271737 (base 8) in base 14?
-c51063
-47246 (base 15) to base 7
-1632522
Convert 26023765 (base 8) to base 15.
791c4c
-a93805 (base 11) to base 9
-3252683
What is -1615466 (base 7) in base 4?
-312122003
Convert -12011200212001 (base 3) to base 14.
-5180db
501070 (base 10) to base 16
7a54e
Convert 2121003110 (base 4) to base 5.
130030100
2231223243 (base 5) to base 10
4945448
-3104535 (base 6) to base 15
-2e15b
Convert 461d2c (base 15) to base 14.
631d7a
-b6bb06 (base 14) to base 6
-340234014
What is 2225114 (base 6) in base 10?
112582
Convert -13498 (base 16) to base 9.
-130327
-3637612 (base 8) to base 11
-622880
What is 1812004 (base 9) in base 4?
3313002100
-3444444132 (base 5) to base 16
-773541
-11111221202 (base 4) to base 5
-324240034
What is 140410 (base 12) in base 3?
121212220210
-11510545 (base 6) to base 13
-cb060
-13634ab (base 12) to base 11
-21a9195
What is -1b0b6a (base 13) in base 3?
-1021220221200
What is 1121222 (base 3) in base 9?
1558
What is 71096 (base 11) in base 3?
12021120000
What is -33323132220 (base 4) in base 16?
-3fb7a8
-1041315 (base 7) to base 11
-87a91
What is 11111010000111101001 (base 2) in base 9?
1831301
What is 6e3422 (base 15) in base 8?
24100631
58826 (base 12) to base 2
11100111110011110
-10001001011001101 (base 2) to base 16
-112cd
What is 3130202231 (base 4) in base 10?
903341
231023321023 (base 4) to base 10
11845195
What is 12220022122200 (base 3) in base 10?
3135906
Convert -101122222222 (base 3) to base 14.
-56727
-4041231 (base 5) to base 3
-10022102111
What is 1134224 (base 6) in base 11?
40594
What is -1339212 (base 10) in base 9?
-2461043
10033120 (base 5) to base 7
453301
Convert 170a55c (base 15) to base 12.
5734250
What is 1200230300 (base 4) in base 6?
12253412
What is -17620a (base 13) in base 10?
-584750
Convert 9514b (base 13) to base 7.
2165055
Convert -1990032 (base 12) to base 13.
-1176560
What is 87694 (base 13) in base 12?
b994a
Convert -18478 (base 15) to base 13.
-29a41
What is -1702 (base 9) in base 7?
-3533
Convert -15004 (base 15) to base 9.
-112534
What is -50031513 (base 7) in base 10?
-4125516
What is -20142015 (base 7) in base 3?
-10011001120020
Convert 193220 (base 16) to base 7.
20015042
Convert 41234131 (base 6) to base 4.
10201233013
-155648 (base 9) to base 7
-546653
What is 899bce (base 15) in base 7?
106535030
-320212332 (base 4) to base 14
-60702
What is 6704880 (base 9) in base 2?
1101110000010001111001
Convert -162004345 (base 7) to base 14.
-164bd25
Convert -113310131